he prime factors of y.
3, 13
Let k be 100/(-28) + 3/(-7). Let v be ((-7)/k)/(10/40). Let n(f) = 7*f - 6. List the prime factors of n(v).
43
Suppose 3*y + 12 = -0*q - 3*q, -8 = -q - 4*y. Let c = 17 - -7. List the prime factors of q/c - (-100)/3.
3, 11
Suppose 42*c + 55842 = 83*c. List the prime factors of c.
2, 3, 227
Let u(r) = 28*r + 5. Let i(z) = 9*z + 2. Let q(o) = 8*i(o) - 3*u(o). List the prime factors of q(-4).
7
Suppose 5*g - 162 = -k, 7*k - 2*k + 2*g = 695. Let a = k - 80. Let y = 88 - a. What are the prime factors of y?
31
Let n be 3 + (-18)/(-2 + 4). Let a(b) = -b**2 - 9*b - 3. Let l be a(n). Let v = -13 + l. What are the prime factors of v?
2
Suppose -2*v - 5*c - 153 = 0, -3*c - 12 = c. Let m = 26 - v. Suppose -4*a + 12 = 3*n - 173, 0 = -2*a + n + m. What are the prime factors of a?
47
Let k = 5892 + -3819. List the prime factors of k.
3, 691
Suppose -p + 5 = -11. Let d = -13 + -10. Let s = p - d. What are the prime factors of s?
3, 13
Suppose 7*f - 18 = 4*f + 2*t, 4*f - 5*t = 31. Suppose -4*z - 43 = -s, z = f*s - 0*z - 112. What are the prime factors of s?
3
List the prime factors of (-11860)/8*(-28)/70.
593
Suppose 5*n + 8*r + 60 = 3*r, 4*n + 2*r = -48. Let d = -12 - n. List the prime factors of 2/((-8)/(-100)) - d.
5
What are the prime factors of (-38388)/(-9) + (3/9)/(-1)?
5, 853
What are the prime factors of ((-340)/(-14))/(23/161)?
2, 5, 17
Let s be 0 - (-20 + -2 - -4). Let m = 30 - s. List the prime factors of m.
2, 3
Suppose 3*a = -9, -2*a + 3 = 3*r - 0. Suppose -2*b = -r - 3. Let j = 1 + b. List the prime factors of j.
2
Let m(v) = -12*v**3 + 2*v**2 - 2*v - 4. Let j be m(-3). Let x = j - 168. List the prime factors of 1/(-3) + x/6.
29
What are the prime factors of (-50)/20 + (-518)/(-4)?
127
Let n be (14/4)/(5 + 9/(-2)). Suppose 0 = -f - 4*g + 315, -n*f = -6*f - 3*g - 294. What are the prime factors of f?
3, 101
Suppose 11*c + 976 = 19*c. What are the prime factors of c?
2, 61
Let l = 190 + -64. Let h = -65 + l. What are the prime factors of h?
61
Let u(j) = 4449*j + 29. What are the prime factors of u(1)?
2, 2239
Let g(z) = z**3 - 13*z**2 - 11*z + 17. Suppose -3*u = 37 + 341. Let m be ((-2)/6)/(3/u). What are the prime factors of g(m)?
59
Suppose 3*i - 20 = 5*i. Let z = i - -6. List the prime factors of (-108)/9*2/z.
2, 3
Let f be ((-40)/3)/(22/99). What are the prime factors of (176/20)/((-8)/f)?
2, 3, 11
Suppose -v = 4*y - 5*y - 1161, 5*y = v - 1181. Suppose 5*j - v = 239. What are the prime factors of j?
3, 31
Let n be 0/(1 + 0 + 1). Suppose -k + 4*j - j - 18 = n, 4*k = -3*j - 57. List the prime factors of 1041/45 + 2/k.
23
Suppose 12 = -4*r + 4. Let c(d) = 4*d**2 + 7*d + 9. What are the prime factors of c(r)?
11
Let u be (3 - -20) + -1 + -1. Let x be u - (0 + 4 + -3). List the prime factors of (-165)/22*x/(-3).
2, 5
Let q = -269 - -1109. What are the prime factors of q?
2, 3, 5, 7
Let x = -437 - -2735. List the prime factors of x.
2, 3, 383
Let a(q) = -91*q + 12. List the prime factors of a(-4).
2, 47
What are the prime factors of ((-3)/12)/((-5)/32)*215?
2, 43
Let c(v) = v - 3. Let r(a) = a**2 - a + 2. Let u be r(-2). Let b be c(u). Suppose -5*k - j + 102 = -0*j, b*j - 69 = -4*k. What are the prime factors of k?
3, 7
Let l be 2/(-3) + (-187)/(-33). Suppose 2*b + 3*b - 2*r - 158 = 0, l*r - 133 = -4*b. Suppose -y - 2*w = 2*w - b, 3*w + 111 = 3*y. List the prime factors of y.
2, 3
Let n(r) = -r**2 - 7*r - 17. Let m be n(-4). Let j = m - -117. What are the prime factors of j?
2, 7
Let j = -1 + 5. Suppose -5*b = -5*i - 45, j*b + 3*i + i = 4. Suppose 0 = -b*z + 4*z + 24. List the prime factors of z.
2, 3
Let b(u) be the third derivative of 0 + 1/12*u**4 - 1/6*u**3 - 6*u**2 + 0*u + 19/60*u**5. List the prime factors of b(1).
2, 5
Let n(u) = -u**3 - 30*u**2 + 18*u - 24. Let a be n(-31). Suppose -2*k - 277 = -3*f + a, -2*f = -4*k - 448. What are the prime factors of f?
2, 3
Let g(s) = s**3 + 31*s**2 - 73*s + 28. List the prime factors of g(-33).
7, 37
Let k = 222 + -112. Suppose 2*i + 2*g + 24 - 104 = 0, k = 3*i - 2*g. List the prime factors of i.
2, 19
Let x be ((-32)/(-10))/((-30)/(-1575)). Suppose 3*r + 2*r + 2*b - 269 = 0, -x = -3*r + b. What are the prime factors of r?
5, 11
Let a(g) = -5*g**2 + 75*g**3 + 3*g**2 - 77*g**3. Let j be a(-2). Suppose j*d - 6*d = 22. List the prime factors of d.
11
Let t(p) = p**2 + 7*p + 16. Let v be t(-6). Let f(i) = i**2 - 7*i - 20. What are the prime factors of f(v)?
2, 5
Suppose 5*j + f + f - 16 = 0, -5*f = 3*j - 2. Suppose -10 = -9*n + j*n. Let d(o) = -o**3 + 2*o**2 + 5*o - 3. What are the prime factors of d(n)?
7
Suppose q = -4*q + 25. Suppose q*j - 1710 = -5*j. List the prime factors of j.
3, 19
Suppose -78 = l + 2*l. Let p = l - -32. List the prime factors of p.
2, 3
Suppose 0 = 81*s - 60399 - 167535. What are the prime factors of s?
2, 3, 7, 67
Let d = 73 + -73. Suppose 6*t - 2*t - 84 = d. List the prime factors of t.
3, 7
Suppose 0 = 5*m - 2*i + 47, 0 = -2*m - 3*m + 4*i - 49. Let h be ((-18)/(-27))/(1/m). Let j = h - -12. What are the prime factors of j?
2, 3
Let q(n) = -n**3 - 10*n**2 - 8*n - 1. Let y be q(-8). Let r = y + 144. List the prime factors of r.
79
Suppose 8*z = z. Suppose 2*v - 441 = -3*d - z*v, 4*v + 161 = d. What are the prime factors of d?
149
Let h be (-6)/(-4)*(-16)/(-12)*1. Suppose 5*g + h*k + 20 = 133, -4*g + 4*k = -96. List the prime factors of g.
23
Let t = -20 - -26. Suppose 0 = 4*c - 16. Suppose c = i - t. List the prime factors of i.
2, 5
Let i(p) = -2*p - 10. Let n be i(-7). Suppose n*h = -4*b, -3*b + 4*b = 5*h. Let c(z) = z + 20. What are the prime factors of c(h)?
2, 5
Let w(q) = 2*q**3 + 4*q**2 - q - 45. What are the prime factors of w(5)?
2, 3, 5
Let y(n) = -n**3 - 6*n**2 + 5*n - 4. Let t be y(-7). Let z be t/(-25) + 106/(-10). Let o = 8 - z. List the prime factors of o.
19
Let q(l) be the first derivative of -l**3/2 - 17*l**2/2 - 9*l + 5. Let b(j) be the first derivative of q(j). What are the prime factors of b(-11)?
2
Suppose 3*v = 5*f - 3, -4*v - 4 = -3*f - 2*f. Suppose -3*j - 2*j = f. Suppose 2*z - 5*b - 19 = -j, -2*z + 12 = 2*b. What are the prime factors of z?
7
What are the prime factors of (88473/66)/((-2)/(-4))?
7, 383
Suppose -2*v + 0*f + 4*f + 1364 = 0, f = 2*v - 1376. Suppose 0 = -i - 1, -5*i + v = 5*y - 0*y. What are the prime factors of y?
139
Suppose -9*g - 19*g = -21728. List the prime factors of g.
2, 97
Let r be 10/(-2)*(-3)/3. Suppose -362 = -3*x - r*i + 47, -138 = -x - 2*i. Suppose 68 = 3*s - 4*z, 3*z = 4*s + 7*z - x. What are the prime factors of s?
2, 7
Let s(a) = 2*a**2 + 35*a - 175. What are the prime factors of s(28)?
3, 7, 113
Let j = 183 + -171. Suppose -j = 4*y, -y - 7 + 1 = -g. What are the prime factors of g?
3
Let p = 1033 + -337. List the prime factors of p.
2, 3, 29
Let k = 17 - 20. List the prime factors of 45 + (4 - k - 3).
7
Suppose -g + 82 = 5*a, -a = -3*a - 5*g + 42. Let j be (328/a)/(2/4). Let y = -25 + j. List the prime factors of y.
2
Let u be (-2)/(-5) + (-54)/(-15). Suppose -u*f = -23 - 81. Let z = -10 + f. What are the prime factors of z?
2
Let r = -332 - -520. What are the prime factors of r?
2, 47
Suppose -14*h + 161 = -35. Suppose -h*j + 3384 = -186. What are the prime factors of j?
3, 5, 17
Let u = -486 + 742. List the prime factors of u.
2
Let o = 815 - -784. List the prime factors of o.
3, 13, 41
Let k = 1236 - 786. List the prime factors of k.
2, 3, 5
Let t be (-8)/20*(7 + -2). What are the prime factors of -2 + 141 + t/1?
137
Let n(l) = -61*l**2 - 6*l + 1. Let a be n(-2). Let m = a - -355. List the prime factors of m.
2, 31
Let j(w) = 24*w**2 - 3*w - 2. Let u be j(-1). Suppose -p - 4*p = -u. Suppose -o + p = -26. What are the prime factors of o?
31
Let r = -40 + 89. Suppose r - 5 = 4*p. Suppose -5*j + 4*z + 4 + 9 = 0, -j - 2*z = -p. List the prime factors of j.
5
Let w = -7166 - -10488. List the prime factors of w.
2, 11, 151
Suppose -414 = 4*l - 3706. What are the prime factors of l?
823
Let j be ((-2)/4)/(2/(-8)). Suppose -h + j*v = h - 32, -56 = -3*h - v. Suppose -2*g - 2*g = 2*c - h, -6 = 2*g. List the prime factors of c.
3, 5
Suppose -j - 7 + 1 = 0. Let u(l) = l**2 + 6*l + 2. Let z be u(j). What are the prime factors of 68/(-6 + z - -6)?
2, 17
Let w(b) = b - 7. Let p be (-63)/6 + (-3)/6. Let 